er when z(n) is divided by 55?
10
Let z be (-14)/21 - 2/6. Calculate the remainder when 40 is divided by ((-1827)/(-812))/(z - (-5)/4).
4
Suppose -7505 = -5*g + 5*l, -4*l - 4511 = -12*g + 9*g. Calculate the remainder when g is divided by 300.
293
Suppose 3*w + 5*p - 1839 = 0, 0 = 2*w + p - 75 - 1144. Calculate the remainder when w is divided by 29.
28
Let m(t) = -t**2 + 2*t - 1. Let b(i) = 16*i**2 - i - 2. Let x(s) = b(s) + 2*m(s). Calculate the remainder when 597 is divided by x(1).
12
Suppose -10*x + 1054 = 7*x. Suppose 0 = -j + 3*m + 31, -2*j + 0*m = 5*m - x. Calculate the remainder when 91 is divided by j.
29
Suppose -11*o + 7*o - 1233 = -3*q, 4*o = -5*q + 2023. Let k = q + -242. Calculate the remainder when k is divided by 24.
21
Let r(d) = 2*d**2 - 177*d - 48. What is the remainder when 3072 is divided by r(89)?
38
Calculate the remainder when 163/2608 - 251038/(-32) is divided by 327.
324
Suppose 396 = 104*x - 95*x. Calculate the remainder when 182 is divided by x.
6
Let c(o) = -5*o + 35. Let r be c(8). Suppose -5*v + 4*v = -4*i - 16, 3*i + 2*v = -12. Calculate the remainder when (147 - 0)/(i - r) is divided by 30.
27
Suppose -20*i = -23*i + 1422. Suppose 668 = 476*k - i*k. Calculate the remainder when k is divided by 34.
28
Let w(p) = p**2 + 5*p + 1. Let i = 7 + -4. What is the remainder when w(4) is divided by (10 - i) + 1 + 2?
7
What is the remainder when 2768 + 2 + 15 + 5 is divided by 12?
6
Let c = 187 - 97. Suppose 5*w + 5*f - 70 = 0, -72 = -471*w + 468*w + 3*f. What is the remainder when c is divided by w?
14
Suppose -6*a = -8*a + 4. Let f be (-8)/(-2) - a - 1 - -73. Suppose 3*r - f = -0*o + 4*o, 4*r - 140 = -5*o. Calculate the remainder when r is divided by 8.
6
Let l = -13 - -43. Suppose 224*o - 16497 = -43*o - 84*o. Calculate the remainder when o is divided by l.
17
Let n be (0/1)/(0 - -1). Suppose n*c + 5*c - 85 = 0. Suppose -2*w - 4*k = k - 86, -2*w + 104 = -4*k. Calculate the remainder when w is divided by c.
14
Calculate the remainder when 576 is divided by (-12 + (-20 - -31))/(2 - (-627)/(-312)).
56
Suppose -20*v + 19*v + 170 = 5*y, 0 = -5*v - 25. What is the remainder when 197 is divided by y?
22
Suppose -75 = -2*r + 5*r - 3*g, 5*r - g = -121. What is the remainder when 60 is divided by (144/r)/(2*(-3)/16)?
12
Suppose 2*z - 68 - 4 = 0. Let j(m) = -166*m**3 + m. Let w be j(1). Let q = w - -272. What is the remainder when q is divided by z?
35
What is the remainder when (5/((-30)/(-4)))/((-1)/((-8226)/12)) is divided by 94?
81
Let q(b) = 2*b**2 - 177*b - 443. Calculate the remainder when q(94) is divided by 54.
51
Let r be 2/9 - (-29)/(-9). Let t = 3177 - 3056. Calculate the remainder when t is divided by ((-25)/r)/(2/6).
21
Suppose 2*h - 223 = 5*q, -7*h = -6*h - 5*q - 99. Calculate the remainder when 153 is divided by h.
29
Let m(v) = -62*v - 5417. Calculate the remainder when 14466 is divided by m(-88).
36
Suppose -4*l + t - 17 + 125 = 0, 5*l = 4*t + 113. Calculate the remainder when 7566 is divided by l.
26
What is the remainder when 2293 is divided by 163 + (24/264 - 222/22)?
151
Let j be (-3)/((-6)/268)*1/(-2). Let u = 16 - j. Calculate the remainder when u is divided by 22.
17
Let f be (-108)/6*(-94)/6. Let p = f + 8. Calculate the remainder when (-3 + -2)*p/(-25) is divided by 20.
18
Let z = -122 + 162. Let t be (-4 + z/12)/(2/(-6)). Suppose 0 = t*i + 3*q - 28 - 10, 21 = i + 2*q. What is the remainder when i is divided by 5?
3
Suppose 5*r - 1255 = 5*k, -12*k + 10*k = -4*r + 1014. Let o = r - 237. Let m(x) = -x**3 - 6*x**2 - 8*x - 6. Calculate the remainder when o is divided by m(-5).
1
Suppose -15183 = -43*l + 25345 + 22639. Calculate the remainder when l is divided by 15.
14
Let o = -344 + 504. Let v(s) = -1030*s - 4106. What is the remainder when o/6 + (-2)/3 is divided by v(-4)?
12
Let t be (-5 + -5 + 9)*594. Let w = t - -712. What is the remainder when w is divided by 37?
7
Let h = 1056 + -1049. Calculate the remainder when 767 is divided by h.
4
Let b = 1127 + -1078. Calculate the remainder when 272 is divided by b.
27
Suppose 42*i + 95129 - 141042 = 138467. What is the remainder when i is divided by 72?
70
Let u = -864 + 930. What is the remainder when 71 is divided by u?
5
Let u be (-4 - -2)*12/(-8). Let d be -58*(2/4 + -2)/u. Suppose d + 66 = 5*s + 2*a, -3*s + 57 = 5*a. Calculate the remainder when 129 is divided by s.
15
Let v = -15 - -123. Let t = -69 + v. Calculate the remainder when t is divided by (-2)/(((-8)/140)/(27/45)).
18
Let u = -4480 + 8829. Calculate the remainder when u is divided by 150.
149
Suppose -28*q + 1133 = 75*q. Calculate the remainder when 1780 is divided by q.
9
Let j(f) = 4*f**2 - 30*f - 7. Suppose -9*d + 26*d = 323. Calculate the remainder when j(10) is divided by d.
17
Let u = -525 - -592. Let k = 18 + -8. What is the remainder when u is divided by 96/k + (-10)/(-25)?
7
Suppose 11*y - 16*y = j - 20, 11 = 4*j - 3*y. Suppose -j*p + 3*b = -642, -24*b + 22*b + 518 = 4*p. What is the remainder when p is divided by 19?
15
Let u = -137 - -142. What is the remainder when 95 is divided by 12 + 0 + -4 + u?
4
Let l(c) = -4*c - 70. Let r be l(-14). Let y(x) = -x**2 - 16*x + 9. What is the remainder when y(r) is divided by 16?
5
Suppose 0 = 6*k + 7 + 89. Let m = -113 - -238. What is the remainder when m is divided by 10*(-2)/(-4) - k?
20
Let q(c) = 65*c**2 - 6*c. Suppose -9*m - 252 = -30*m. Calculate the remainder when q(-1) is divided by m.
11
Let d(z) be the second derivative of 7*z**4/3 + z**3/6 - z**2 + 5*z. Let c be ((-3)/2)/(24/(-16)). What is the remainder when d(c) is divided by 14?
13
Let a be 30/3*56/(-10). Let l = a + 59. Suppose l*h - 5*t - 98 = -h, -3*t = -h + 28. Calculate the remainder when 59 is divided by h.
15
Let z(b) be the third derivative of b**5/30 - 2*b**4/3 + 13*b**3/6 - b**2 + 61. Calculate the remainder when z(10) is divided by 5.
3
Suppose -2*a + 8*h - 12*h = -122, 0 = 5*a - h - 283. Suppose -a*r + 480 = -51*r. What is the remainder when r is divided by 32?
16
Let i(f) = -f**3 - 9*f**2 + 13*f - 70. Calculate the remainder when 1070 is divided by i(-11).
26
Suppose 0 = -3*t - 19*w + 21*w + 481, 4*w - 787 = -5*t. Let r = -106 + 188. Suppose 0*f - r = -2*f. What is the remainder when t is divided by f?
36
Suppose 7*l + 7271 - 17225 = 0. What is the remainder when l is divided by 101?
8
Suppose 29*i - 62*i = -27*i. Calculate the remainder when 188 is divided by i - (-5 - 1)/((-20)/(-90)).
26
Suppose -4*x + 360 + 84 = -5*s, -5*x + 555 = -4*s. Let c = -24 - x. Let o = 137 + c. Calculate the remainder when 4 is divided by o.
0
Let c = 46 - -6. Let l = -228 + 228. Suppose -2*k + c + 10 = l. What is the remainder when 59 is divided by k?
28
Let y = 179 - 177. Suppose d - m - 10 = 0, 3*d - 6*d + 27 = -y*m. Calculate the remainder when 13 is divided by d.
6
Suppose -43*q + 44*q + 6 = 0. Let b(l) = 2*l**3 + 8*l**2 + 7*l + 7. Let c be b(-5). Let z = q - c. What is the remainder when z is divided by 15?
12
Let p = 1835 - 1088. Calculate the remainder when (22/4)/(-11) - p/(-2) is divided by 75.
73
Let d = 1740 - 1720. Let i(s) = 4*s**2. Let c be i(-1). Suppose 4*j - 232 = -3*a - j, -4*j = c*a - 312. Calculate the remainder when a is divided by d.
19
Suppose 5*d - 56*y + 54*y - 129 = 0, -d = 4*y - 61. What is the remainder when 305 is divided by d?
15
Let x = -27 - -39. Let l(z) = -246*z + 19979. What is the remainder when l(81) is divided by x?
5
Let q = -92 + 103. What is the remainder when 6*-2*(-13)/2 is divided by 1*-2*(-6 + 9 - q)?
14
Suppose 3*u - 5*u = -28. Let w(b) = -22*b + 172. Let y be w(10). Let d(v) = v**2 + 51*v + 170. Calculate the remainder when d(y) is divided by u.
12
Suppose 2*u + 2*u - 112 = 0. Suppose 5*j - 224 = -2*f, -6*f - 3*j = -10*f + 396. Calculate the remainder when f is divided by u.
18
Let h(g) = -3*g**3 - 8*g**2 - 2*g - 72. Let l be h(-7). Suppose -l + 141 = -6*c. Calculate the remainder when 507 is divided by c.
69
Let d(c) = c**3 + c**2 - 72. Let y be d(0). Let t = y + 181. Suppose 8*b - 31 = -3*q - 5, 0 = 5*q + 2*b - 66. Calculate the remainder when t is divided by q.
11
Let w be 198/55*(-210)/(-9). Calculate the remainder when 179 is divided by (1 + -7)*49/w*-4.
11
Suppose -m + 7365 = 5*w, -10 = 297*m - 299*m. What is the remainder when w i